late the highest common divisor of 66742182 and 182.
26
Calculate the highest common factor of 33640 and 316859365.
4205
Calculate the highest common divisor of 6098070 and 40.
10
What is the highest common factor of 375197 and 21479?
457
Calculate the highest common divisor of 8468 and 7037662.
58
Calculate the greatest common divisor of 3134928 and 17700.
12
Calculate the highest common divisor of 1816250 and 28750.
1250
Calculate the greatest common divisor of 22265101 and 151.
151
What is the highest common factor of 429006903 and 1599?
1599
What is the greatest common divisor of 109 and 209844511?
109
Calculate the highest common factor of 698461 and 1178.
31
What is the greatest common divisor of 29636 and 678019817?
7409
What is the greatest common factor of 299106 and 4698?
1566
Calculate the greatest common divisor of 26198396 and 5340.
356
What is the highest common factor of 19531643 and 30876?
2573
Calculate the greatest common divisor of 128 and 5825144.
8
What is the greatest common divisor of 62446096 and 80?
16
Calculate the greatest common factor of 676 and 2787356.
52
Calculate the highest common factor of 282 and 63370053.
141
What is the greatest common divisor of 2327592 and 145640?
2648
What is the greatest common factor of 5824497 and 183241?
713
Calculate the greatest common factor of 10746 and 5121066.
1194
Calculate the greatest common divisor of 9534 and 3675714.
42
Calculate the highest common factor of 1640288 and 1508.
52
What is the highest common factor of 21982 and 26216?
58
What is the greatest common factor of 22 and 25043986?
22
Calculate the highest common divisor of 23485032 and 351.
27
Calculate the highest common divisor of 12971259 and 147.
21
Calculate the highest common divisor of 4449684 and 523.
523
Calculate the greatest common divisor of 7887 and 1763103.
717
Calculate the highest common divisor of 11039210 and 140.
70
Calculate the highest common factor of 897 and 1378884.
39
What is the highest common divisor of 114 and 1570806?
114
What is the greatest common divisor of 437 and 80516813?
437
What is the greatest common divisor of 177465 and 46185?
15
Calculate the greatest common divisor of 579 and 15998349.
579
What is the greatest common factor of 2632 and 1339876?
188
Calculate the highest common divisor of 239934 and 282.
6
Calculate the greatest common divisor of 98969 and 25891151.
4303
What is the greatest common divisor of 32535 and 49647205?
1205
Calculate the greatest common factor of 25901 and 96229.
59
Calculate the highest common divisor of 888 and 163805882.
74
Calculate the greatest common divisor of 1718071 and 6239.
17
Calculate the greatest common divisor of 6 and 306507066.
6
Calculate the greatest common divisor of 428 and 17384076.
428
What is the greatest common factor of 2304 and 1408992?
96
What is the greatest common divisor of 28736870 and 1?
1
Calculate the greatest common divisor of 563952 and 13640.
248
What is the greatest common factor of 78175 and 3511621?
3127
What is the highest common factor of 486 and 20879046?
486
What is the highest common factor of 63 and 183140451?
9
What is the greatest common factor of 28623 and 4912542?
87
Calculate the highest common factor of 580 and 13309956.
116
What is the greatest common divisor of 388241 and 440041?
259
What is the highest common factor of 1228245 and 435?
15
Calculate the highest common divisor of 282 and 815779.
47
Calculate the greatest common divisor of 24573 and 87411.
3
What is the greatest common factor of 13297184 and 5192?
472
Calculate the highest common factor of 20844 and 79974.
54
Calculate the highest common factor of 2686270 and 3768.
314
What is the highest common divisor of 315882 and 2121?
21
Calculate the highest common factor of 166745 and 755.
5
What is the highest common factor of 1177 and 2319400908?
1177
Calculate the greatest common divisor of 2575825 and 39025.
175
Calculate the greatest common divisor of 298 and 44774.
2
Calculate the highest common factor of 2960 and 110720.
80
What is the highest common factor of 391695621 and 19?
19
Calculate the highest common factor of 15715 and 1194305.
35
What is the greatest common divisor of 17097476 and 282656?
3212
What is the greatest common factor of 241922570 and 78274?
11182
Calculate the highest common factor of 2438631 and 97633.
1097
What is the highest common factor of 5922 and 114462?
18
Calculate the greatest common divisor of 14427556 and 286.
286
Calculate the highest common factor of 77641737 and 816.
51
Calculate the greatest common factor of 2502087 and 392.
49
Calculate the highest common factor of 161293 and 533852.
121
What is the highest common factor of 295788559 and 187?
187
What is the greatest common divisor of 1624 and 55048?
56
Calculate the highest common divisor of 1040 and 2782192.
16
Calculate the greatest common divisor of 101927 and 175.
7
What is the highest common divisor of 2246720 and 40970?
170
What is the highest common factor of 915215 and 309485?
1655
What is the highest common factor of 642 and 251529501?
321
What is the highest common divisor of 28841 and 123367?
151
Calculate the highest common divisor of 224 and 5466216.
56
Calculate the greatest common factor of 829059 and 21147.
21
What is the greatest common divisor of 259747243 and 21?
7
Calculate the greatest common divisor of 26569000 and 200.
200
Calculate the highest common factor of 190210 and 222410.
230
Calculate the greatest common divisor of 582 and 1121912282.
194
What is the highest common factor of 143173411 and 698?
349
Calculate the highest common divisor of 9950 and 101290.
10
What is the greatest common factor of 16974009 and 21996?
117
Calculate the greatest common divisor of 13862 and 913616.
58
Calculate the highest common factor of 1955 and 19699753.
391
Calculate the greatest common factor of 286475 and 1487325.
175
Calculate the highest common divisor of 9858 and 235817.
31
Calculate the greatest common divisor of 5112 and 36648.
72
Calculate the greatest common factor of 12 and 36004728.
12
Calculate the highest common divisor of 470 and 2771930.
10
Calculate the greatest common factor of 1769 and 63771.
29
What is the greatest common factor of 4239676 and 368396?
6244
Calculate the greatest common divisor of 4120 and 348758.
206
What is the greatest common divisor of 2638 and 66194015?
1319
What is the greatest common factor of 1886205 and 11685?
615
Calculate the greatest common divisor of 2250 and 112635.
45
What is the highest common factor of 103152006 and 576?
18
What is the highest common factor of 3812611 and 2409?
11
What is the greatest common factor of 7893650 and 2225?
25
What is the highest common divisor of 361035 and 375945?
1065
Calculate the highest common divisor of 7976316 and 720.
12
What is the highest common divisor of 61336294 and 206?
206
What is the highest common factor of 16892575 and 952497?
8141
Calculate the greatest common factor of 13501 and 15849.
587
What is the greatest common divisor of 35555 and 308553401?
7111
Calculate the greatest common divisor of 1911924 and 21.
21
Calculate the highest common factor of 1424554 and 3015.
67
What is the greatest common divisor of 1475 and 875450?
25
Calculate the highest common divisor of 8103 and 906369168.
8103
Calculate the greatest common factor of 26156886 and 441.
147
What is the highest common divisor of 10135 and 2720?
5
What is the highest common factor of 666 and 165869742?
222
Calculate the highest common divisor of 7844 and 12065848.
148
What is the highest common factor of 11558852 and 12?
4
Calculate the highest common divisor of 2291628 and 604808.
1748
Calculate the greatest common factor of 1 and 4785015.
1
What is the greatest common factor of 365443276 and 176?
44
Calculate the greatest common divisor of 2175 and 11377135.
145
Calculate the highest common factor of 5379 and 361845.
33
What is the greatest common factor of 164 and 20696472?
164
Calculate the highest common divisor of 13616197 and 1652.
413
Calculate the highest common divisor of 49813 and 2410753.
109
What is the highest common factor of 134 and 795751094?
134
Calculate the greatest common factor of 320 and 12515264.
64
Calculate the highest common factor of 1